alculate the highest common divisor of s and 3.
3
Suppose 5*b = n - 115, 4*n = -2*b + 23 - 91. Let u be 7/(-2)*b/42 - -2. Calculate the greatest common factor of 88 and u.
4
Let o be (-3*(-4)/(-24))/((-3)/1056). Suppose 3*x - 22 = -424. Let f be x/(-6) + (-1)/3. What is the highest common divisor of f and o?
22
Let o = -3216 + 3419. Calculate the highest common factor of 116 and o.
29
Let y(g) be the third derivative of 5/24*g**4 + 1/30*g**5 - 2/3*g**3 + 2*g**2 + 0 + 0*g. Let m be y(-5). What is the highest common factor of 3 and m?
3
Suppose 0 = 11*m - 1489 - 1591. Calculate the greatest common divisor of 80 and m.
40
Let u be -3 - 0 - (-10 - 113). Suppose 31*i - 17*i - 336 = 0. What is the highest common factor of u and i?
24
Suppose 0 = 4*b + 3*s - 9, 8 = 3*s - 1. Suppose 2*u - u = b. Suppose u = -4*w + 19 + 25. Calculate the greatest common divisor of w and 11.
11
Suppose 2*o - 10 = r + 38, 62 = 3*o - 4*r. Suppose 2*n + 5*a = 63, -4*n + 2*n + 2*a + 84 = 0. What is the highest common divisor of n and o?
13
Let z = 19283 - 19258. Let y(d) = -d**3 + 3*d**2 + 5*d + 1. Let l be 2/(-6) - (-13)/3. Let i be y(l). Calculate the highest common divisor of i and z.
5
Let u = -14 - -11. Let a be (-5 - u) + (6 - 3). What is the greatest common factor of 1 and a?
1
Let z = 8 + 19. Let n = -132 + 153. Suppose -5*u - 4*h + 131 = -2*h, -u = 3*h - n. Calculate the highest common factor of u and z.
27
Suppose -1 = -5*c + 3*y, -2*c = -0*c - 2*y - 2. Let p(q) = -88*q**3 + q**2 + 6*q + 5. Let u be p(c). What is the highest common factor of 66 and u?
22
Let x = 17 + -13. Suppose x*b = 13 + 3. Suppose -b*m + 6*y = y - 129, -2*m + 75 = y. Calculate the highest common divisor of 12 and m.
12
Let u(x) = x**3 - 5*x**2 + 4*x - 11. Let o = 32 - 27. Let c be u(o). Calculate the greatest common divisor of 81 and c.
9
Let f = 12 + 16. Let b(n) = 89*n + 459. Let q be b(-5). What is the greatest common factor of f and q?
14
Suppose 0 = v - 2*g + 2, 3*g - 5*g - 22 = -5*v. Let u = 4 - 4. Suppose -x + 20 = j, -2*j + 9 + 1 = u. Calculate the greatest common factor of x and v.
3
Let l(y) = 2*y + 19. Let x be l(0). What is the highest common factor of x and 2850?
19
Let h be 1*(6 + -2 - 2). Suppose g - 36 = -2*c, -c - 5*g = -h*c + 18. Let y be 84/c*(1 + 2). Calculate the highest common divisor of 70 and y.
14
Suppose 0 = 10*m - 1709 - 331. Calculate the highest common divisor of m and 714.
102
Let c = -7 + 12. Suppose 0 = -2*d + c + 3. Let y(b) = b**2 + b - 4. Let u be y(4). What is the highest common divisor of u and d?
4
Suppose 20 = 5*y, 0*r = 2*r + 4*y + 202. Let v = -64 - r. Let d(b) = b**3 + 8*b**2 + 6*b - 2. Let t be d(-7). What is the greatest common factor of t and v?
5
Let c(j) = j**3 - 17*j**2 + 18*j - 16. Let h be c(16). Let z be 116 + h/(4/1). What is the highest common factor of z and 48?
24
Let h(z) = -z**3 + 5*z + 5. Let u = 17 + -22. Let t be h(u). What is the highest common divisor of t and 15?
15
Let c = -282 - -447. What is the greatest common factor of 90 and c?
15
Let g be (7215/(-9))/5*(-21)/7. Calculate the highest common divisor of g and 104.
13
Let b be ((-99)/(-11))/(6/26). Calculate the highest common factor of 338 and b.
13
Suppose -222 = -7*g + 562. Calculate the highest common factor of 40 and g.
8
Suppose -2*k + 32*g - 27*g = -301, -2*k + 281 = -g. Calculate the greatest common divisor of k and 2.
2
Let c = -10 - -12. Let g = c - -13. Calculate the greatest common factor of 6 and g.
3
Let z(m) = 2*m + 0*m**2 - m**2 + 3 - m**3 - 1. Let n be z(-2). Calculate the greatest common divisor of n and 10.
2
Let d be (-9)/(-11) - 8/(-44). Let x be 45/d - (-1 + 2). Let b = -53 - -75. What is the highest common divisor of b and x?
22
Let n be 39/3 + -1 + 0. Suppose -n = -5*g - 2. Suppose -g*u + r = -58 - 62, -u + r = -60. What is the greatest common divisor of 24 and u?
12
Suppose 0 = -5*a + 11*a - 108. Suppose -3*n + a = -9. Calculate the highest common divisor of n and 9.
9
Let s be (80/(-24))/((-4)/6). Let d(c) = 24*c - 8. Let b be d(s). Calculate the highest common factor of 28 and b.
28
Suppose 0 = 2*b + 6, 2*b + 7 = -j + 5. What is the greatest common divisor of 98 and j?
2
Let g(v) = -7*v**3 - v**2. Let a be g(-1). Suppose r = -r + 4*f + 148, r - 82 = -2*f. Calculate the greatest common divisor of a and r.
6
Let i be (-1 - (-32 + -1)) + -2. Let a = -3161 + 3164. Calculate the greatest common divisor of i and a.
3
Let w(t) = 16*t + 2. Let o be w(4). Let f be (-32)/24*33/(-2). What is the highest common divisor of f and o?
22
Suppose -c = -10 - 111. Calculate the greatest common factor of 11 and c.
11
Let k(x) = 14*x + 202. Let o be k(-14). Let t = 85 - 43. Calculate the highest common factor of o and t.
6
Suppose -3*n + 5 = -19. Calculate the highest common divisor of 3 and n.
1
Let m(p) = -7*p - 2. Let f be m(-1). Suppose 2*i - 2*o - 18 = -3*i, o = -i + f. Let c be 36*i*3/24. What is the highest common factor of c and 144?
18
Suppose -5*c + 57 = -5*o - 128, 2*c - o = 71. Suppose p - c = -x, 3*x - 3*p - 18 = 2*x. What is the greatest common divisor of 75 and x?
15
Let r = -160 - -189. Let p be -2 + (4/(-4) - -343). Suppose -4*t = -t - 4*k - p, -2*k + 468 = 4*t. Calculate the highest common factor of r and t.
29
Suppose 2*a = 4*q + 103 - 1581, a = 3*q - 1111. What is the greatest common divisor of q and 155?
31
Let r(q) = -q + 8. Let i be r(4). Suppose -w = -4*w - 12. Let h be (0 - w)*22/i. Calculate the highest common divisor of h and 22.
22
Suppose -4*x - 15 + 63 = 0. Suppose 0 = s - 3 - x. Let w be 70/(-15) + 2/(-6) - -50. Calculate the highest common divisor of s and w.
15
Let m be 90596/30 + 46/345. What is the highest common divisor of m and 20?
20
Let l = 24 + -6. Suppose 179 + 182 = 4*v - a, -a = 1. What is the greatest common divisor of v and l?
18
Let b(t) = -t**2 - 2*t + 45. Let w be b(-7). Suppose w*j - 115 + 25 = 0. What is the greatest common divisor of j and 99?
9
Let r(k) be the third derivative of k**5/30 - k**4/4 - 17*k**3/6 + 29*k**2. Let j be r(-4). Calculate the highest common divisor of j and 13.
13
Let l(n) = n**3 - 11*n**2 + 5. Let g be l(11). Suppose q + 132 = g*q. Calculate the highest common divisor of q and 22.
11
Let d = -118 + 59. Let v = d + 29. Let r = v + 31. Calculate the highest common factor of r and 2.
1
Suppose -2*t - 3*t = -240. Let u be (-3)/2*(-928)/t. Let d = -7 + u. What is the greatest common divisor of 55 and d?
11
Let j be (-746)/(-10) - (-26)/65. Calculate the highest common divisor of 30 and j.
15
Let u be (0 - -1)/((-1)/(-9)). Let o be (-3)/4*2*(-532)/(-21). Let h be (-1)/(-2)*-4 - o. Calculate the greatest common divisor of u and h.
9
Let d be -2 - (-14)/6 - 310/(-6). Suppose -3*q + 4*j = 2*j - d, 2*j = 2*q - 36. What is the greatest common divisor of q and 64?
16
Let j be (-21)/(-3)*10*48/280. Let d be (24/(-60))/(1/(-45)). What is the highest common divisor of j and d?
6
Let p(f) = f**3 - 34*f**2 + 38*f + 6. Let v be p(33). Calculate the highest common divisor of 45 and v.
9
Let v(r) = -6 - 5 + 3*r + 3*r + r**2. Let c(a) = 2*a + 75. Let y be c(-32). Let o be v(y). What is the greatest common factor of o and 22?
22
Let i(q) = q + 3. Let c be i(0). Let w be 3/c + 1/1. Suppose -w*d + 140 = 2*d. Calculate the highest common divisor of d and 5.
5
Let b = -31 - -32. Let s be 9 + b*(-3 + 1). Calculate the greatest common factor of 21 and s.
7
Let g be ((0 - -5) + -10)*1/(-5). What is the greatest common divisor of g and 16?
1
Let k(m) = 5*m - 342 + 342. Let d be k(2). What is the highest common factor of 70 and d?
10
Let x be (-28)/21 + (-1116)/(-27). Calculate the greatest common divisor of x and 2560.
40
Suppose -2*f - 10 = -0*f, 0 = -2*u + 3*f + 47. Suppose d + 13 + 70 = 5*w, -70 = -4*w + 2*d. What is the greatest common divisor of w and u?
16
Let a(u) = -u - 13. Let d be a(-19). Suppose d*x - 12 = 48. What is the highest common factor of 10 and x?
10
Let x be ((-4)/2)/2 + 73. Let g = 7765 - 7753. What is the highest common factor of x and g?
12
Let g = -1443 + 1578. Calculate the highest common factor of g and 243.
27
Suppose -4*b = -2*b - 90. Suppose 5*k + h = 65, 0 = 2*k + 5*h - 4 - b. Suppose 6*u - 60 = u. Calculate the highest common factor of u and k.
12
Let o be (2/2)/((-3)/(-63)). Suppose 2*n - o